{"id":727,"date":"2017-03-04T10:47:18","date_gmt":"2017-03-04T10:47:18","guid":{"rendered":"https:\/\/lepson.pl\/?page_id=727"},"modified":"2022-01-12T08:07:48","modified_gmt":"2022-01-12T08:07:48","slug":"mpd50","status":"publish","type":"page","link":"https:\/\/lepson.pl\/index.php\/rcp-i-kd-2-2\/mpd50\/","title":{"rendered":"MPD50 &#8211; modu\u0142 przeka\u017anika"},"content":{"rendered":"<div class=\"wpb-content-wrapper\"><p>[vc_row parallax=&#8221;content-moving&#8221; css=&#8221;.vc_custom_1549288969773{padding-top: 3% !important;padding-right: 12% !important;padding-left: 12% !important;background-color: #ffffff !important;background-position: center;background-repeat: no-repeat !important;background-size: cover !important;}&#8221;][vc_column][vc_row_inner][vc_column_inner width=&#8221;1\/2&#8243;][vc_column_text]<\/p>\n<h1><strong>MPD50<\/strong><\/h1>\n<h2><strong>Modu\u0142 przeka\u017anika<\/strong><\/h2>\n<p>[\/vc_column_text][\/vc_column_inner][vc_column_inner width=&#8221;1\/4&#8243;][vc_single_image image=&#8221;1699&#8243; img_size=&#8221;medium&#8221; alignment=&#8221;center&#8221; onclick=&#8221;link_image&#8221; title=&#8221;MPD 50&#8243; el_class=&#8221;image_text&#8221;][\/vc_column_inner][vc_column_inner width=&#8221;1\/4&#8243;][vc_single_image image=&#8221;1696&#8243; img_size=&#8221;medium&#8221; add_caption=&#8221;yes&#8221; alignment=&#8221;center&#8221; onclick=&#8221;link_image&#8221; css_animation=&#8221;none&#8221; el_class=&#8221;image_text&#8221; css=&#8221;.vc_custom_1621421089408{padding-top: 3% !important;}&#8221; title=&#8221;MPD 50 budowa&#8221;][\/vc_column_inner][\/vc_row_inner][vc_row_inner][vc_column_inner][vc_toggle title=&#8221;Opis produktu (rozwi\u0144\/zwi\u0144)&#8221; style=&#8221;simple&#8221; color=&#8221;green&#8221; size=&#8221;lg&#8221; el_id=&#8221;1545993027024-5a7ecc72-8f55&#8243;]<span style=\"font-size: 12pt;\">Modu\u0142 przeka\u017anika MPD50 s\u0142u\u017cy do sterowania urz\u0105dzeniami wykonawczymi pod\u0142\u0105czonymi do z\u0142\u0105czy wyj\u015bciowych modu\u0142u MPD50 za pomoc\u0105 podanego napi\u0119cia steruj\u0105cego: 5V, 12V lub 24V DC, w zale\u017cno\u015bci od modelu urz\u0105dzenia.<\/span>[\/vc_toggle][vc_toggle title=&#8221;Budowa i zasada dzia\u0142ania (rozwi\u0144\/zwi\u0144)&#8221; style=&#8221;simple&#8221; color=&#8221;green&#8221; size=&#8221;lg&#8221; el_id=&#8221;1545993068329-226aafb8-eda1&#8243;]<span style=\"font-size: 12pt;\">Modu\u0142 MPD50 wyposa\u017cony jest w zaciski \u015brubowe o maksymalnym przekroju przewodu 2,5 mm2.<\/span><br \/>\n<span style=\"font-size: 12pt;\">Modu\u0142 MPD50 zmontowany jest w obudowie z tworzywa sztucznego jasnoszarego koloru, przystosowanej do zamocowania na szynie DIN (ISO 35mm).<\/span>[\/vc_toggle][vc_toggle title=&#8221;Dane techniczne (rozwi\u0144\/zwi\u0144)&#8221; style=&#8221;simple&#8221; color=&#8221;green&#8221; size=&#8221;lg&#8221; el_id=&#8221;1545993102811-24d3ac81-de8b&#8221;]<\/p>\n<div class=\"row vc_row wpb_row vc_inner vc_row-fluid vc_custom_1488384123488\">\n<div class=\"wpb_column vc_column_container vc_col-sm-12 vc_col-has-fill\">\n<div class=\"vc_column-inner vc_custom_1485606795783\">\n<div class=\"wpb_wrapper\">\n<div class=\"wpb_raw_code wpb_content_element wpb_raw_html\">\n<div class=\"wpb_wrapper\">\n<div class=\"tg-wrap\">\n<table border=\"0\">\n<tbody>\n<tr>\n<td><span style=\"font-size: 12pt;\">Napi\u0119cie zasilania<\/span><\/td>\n<td align=\"right\"><\/td>\n<\/tr>\n<tr>\n<td><span style=\"font-size: 12pt;\">MPD50-5<\/span><\/td>\n<td align=\"right\"><span style=\"font-size: 12pt;\">5V DC<\/span><\/td>\n<\/tr>\n<tr>\n<td><span style=\"font-size: 12pt;\">MPD50-12<\/span><\/td>\n<td align=\"right\"><span style=\"font-size: 12pt;\">12V DC<\/span><\/td>\n<\/tr>\n<tr>\n<td><span style=\"font-size: 12pt;\">MPD50-24<\/span><\/td>\n<td align=\"right\"><span style=\"font-size: 12pt;\">24V DC<\/span><\/td>\n<\/tr>\n<tr>\n<td><span style=\"font-size: 12pt;\">Pob\u00f3r pr\u0105du<\/span><\/td>\n<td align=\"right\"><\/td>\n<\/tr>\n<tr>\n<td><span style=\"font-size: 12pt;\">MPD50-5<\/span><\/td>\n<td align=\"right\"><span style=\"font-size: 12pt;\">24mA<\/span><\/td>\n<\/tr>\n<tr>\n<td><span style=\"font-size: 12pt;\">MPD50-12<\/span><\/td>\n<td align=\"right\"><span style=\"font-size: 12pt;\">10mA<\/span><\/td>\n<\/tr>\n<tr>\n<td><span style=\"font-size: 12pt;\">MPD50-24<\/span><\/td>\n<td align=\"right\"><span style=\"font-size: 12pt;\">5mA<\/span><\/td>\n<\/tr>\n<tr>\n<td><span style=\"font-size: 12pt;\">Pr\u0105d styk\u00f3w przeka\u017anika<\/span><\/td>\n<td align=\"right\"><span style=\"font-size: 12pt;\">10A<\/span><\/td>\n<\/tr>\n<tr>\n<td><span style=\"font-size: 12pt;\">Temperatura pracy<\/span><\/td>\n<td align=\"right\"><span style=\"font-size: 12pt;\">0\u00b0C do +40\u00b0C<\/span><\/td>\n<\/tr>\n<tr>\n<td><span style=\"font-size: 12pt;\">Wilgotno\u015b\u0107 wzgl\u0119dna<\/span><\/td>\n<td align=\"right\"><span style=\"font-size: 12pt;\">do 80% przy 40\u00b0C<\/span><\/td>\n<\/tr>\n<tr>\n<td><span style=\"font-size: 12pt;\">Obudowa<\/span><\/td>\n<td align=\"right\"><span style=\"font-size: 12pt;\">tworzywo sztuczne<\/span><\/td>\n<\/tr>\n<tr>\n<td><span style=\"font-size: 12pt;\">Wymiary<\/span><\/td>\n<td align=\"right\"><span style=\"font-size: 12pt;\">35 x 90 x 66 mm<\/span><\/td>\n<\/tr>\n<tr>\n<td><span style=\"font-size: 12pt;\">Waga<\/span><\/td>\n<td align=\"right\"><span style=\"font-size: 12pt;\">60g \u00b1 10g<\/span><\/td>\n<\/tr>\n<\/tbody>\n<\/table>\n<\/div>\n<\/div>\n<\/div>\n<\/div>\n<\/div>\n<\/div>\n<\/div>\n<p>[\/vc_toggle][vc_toggle title=&#8221;Zastosowanie (rozwi\u0144\/zwi\u0144)&#8221; style=&#8221;simple&#8221; color=&#8221;green&#8221; size=&#8221;lg&#8221; el_id=&#8221;1545993151159-cb004bc6-caa0&#8243;]<img fetchpriority=\"high\" decoding=\"async\" class=\"aligncenter\" src=\"https:\/\/lepson.pl\/wp-content\/uploads\/2017\/12\/50-mpd50-podlaczenie_zwory.jpg\" alt=\"\" width=\"500\" height=\"343\" \/>[\/vc_toggle][vc_toggle title=&#8221;Pliki i dokumenty (rozwi\u0144\/zwi\u0144)&#8221; style=&#8221;simple&#8221; color=&#8221;green&#8221; size=&#8221;lg&#8221; el_id=&#8221;1545993212153-9a031a8d-af27&#8243;]<strong><span style=\"font-size: 12pt;\"><span style=\"color: #000000;\"><img decoding=\"async\" src=\"https:\/\/lepson.pl\/wp-content\/uploads\/2017\/01\/ic_done.png\" width=\"20\" height=\"20\" \/>MPD50 modu\u0142 przeka\u017anika &#8211; <a href=\"https:\/\/lepson.pl\/files\/file\/PL\/IO\/50-mpd50-iot-140903.pdf\" target=\"_blank\" rel=\"noopener noreferrer\">instrukcja obs\u0142ugi, informacja techniczna (pdf) <\/a><\/span><\/span><\/strong>[\/vc_toggle][\/vc_column_inner][\/vc_row_inner][\/vc_column][\/vc_row][vc_row content_placement=&#8221;top&#8221; css=&#8221;.vc_custom_1549289090676{padding-right: 12% !important;padding-left: 12% !important;background-position: center !important;background-repeat: no-repeat !important;background-size: cover !important;}&#8221;][vc_column][vc_row_inner][vc_column_inner width=&#8221;1\/4&#8243;][vc_column_text]<a href=\"mailto:biuro@lepson.pl\">biuro@lepson.pl<\/a><br \/>\n<a href=\"mailto:rcp@lep.pl\">rcp@lepson.pl<\/a> (pomoc techniczna)[\/vc_column_text][\/vc_column_inner][vc_column_inner width=&#8221;1\/4&#8243;][vc_column_text](32) 754 54 54<br \/>\n(32) 754 54 55[\/vc_column_text][\/vc_column_inner][vc_column_inner width=&#8221;1\/4&#8243;][vc_column_text]<a href=\"https:\/\/goo.gl\/maps\/2HeA81byii52\" target=\"_blank\" rel=\"noopener noreferrer\">Wsp\u00f3lna 9, <\/a><a href=\"https:\/\/goo.gl\/maps\/2HeA81byii52\">32-300, Olkusz<br \/>\n<\/a> NIP: 6372182383[\/vc_column_text][\/vc_column_inner][vc_column_inner width=&#8221;1\/4&#8243;][\/vc_column_inner][\/vc_row_inner][\/vc_column][\/vc_row]<\/p>\n<\/div>","protected":false},"excerpt":{"rendered":"<p>[vc_row parallax=&#8221;content-moving&#8221; css=&#8221;.vc_custom_1549288969773{padding-top: 3% !important;padding-right: 12% !important;padding-left: 12% !important;background-color: #ffffff !important;background-position: center;background-repeat: no-repeat !important;background-size: cover !important;}&#8221;][vc_column][vc_row_inner][vc_column_inner width=&#8221;1\/2&#8243;][vc_column_text] MPD50 Modu\u0142 przeka\u017anika [\/vc_column_text][\/vc_column_inner][vc_column_inner width=&#8221;1\/4&#8243;][vc_single_image image=&#8221;1699&#8243; img_size=&#8221;medium&#8221; alignment=&#8221;center&#8221; onclick=&#8221;link_image&#8221; title=&#8221;MPD 50&#8243; el_class=&#8221;image_text&#8221;][\/vc_column_inner][vc_column_inner width=&#8221;1\/4&#8243;][vc_single_image image=&#8221;1696&#8243; img_size=&#8221;medium&#8221; add_caption=&#8221;yes&#8221; alignment=&#8221;center&#8221; onclick=&#8221;link_image&#8221; css_animation=&#8221;none&#8221; el_class=&#8221;image_text&#8221; css=&#8221;.vc_custom_1621421089408{padding-top: 3% !important;}&#8221; title=&#8221;MPD 50 budowa&#8221;][\/vc_column_inner][\/vc_row_inner][vc_row_inner][vc_column_inner][vc_toggle title=&#8221;Opis produktu (rozwi\u0144\/zwi\u0144)&#8221; style=&#8221;simple&#8221; color=&#8221;green&#8221; size=&#8221;lg&#8221; el_id=&#8221;1545993027024-5a7ecc72-8f55&#8243;]Modu\u0142 przeka\u017anika MPD50 s\u0142u\u017cy do sterowania [&hellip;]<\/p>\n","protected":false},"author":2,"featured_media":0,"parent":1607,"menu_order":0,"comment_status":"closed","ping_status":"closed","template":"page-full-width.php","meta":{"footnotes":""},"class_list":["post-727","page","type-page","status-publish","hentry"],"yoast_head":"<!-- This site is optimized with the Yoast SEO plugin v27.3 - https:\/\/yoast.com\/product\/yoast-seo-wordpress\/ -->\n<title>modu\u0142 przeka\u017anika MPD50 | LEP - producent elektroniki ppo\u017c<\/title>\n<meta name=\"description\" content=\"Modu\u0142 przeka\u017anika MPD50 s\u0142u\u017cy do sterowania urz\u0105dze\u0144 wykonawczych pod\u0142\u0105czonych do z\u0142\u0105czy wyj\u015bciowych modu\u0142u MPD50 za pomoc\u0105 podanego napi\u0119cia steruj\u0105cego.\" \/>\n<meta name=\"robots\" content=\"index, follow, max-snippet:-1, max-image-preview:large, max-video-preview:-1\" \/>\n<link rel=\"canonical\" href=\"https:\/\/lepson.pl\/index.php\/rcp-i-kd-2-2\/mpd50\/\" \/>\n<meta property=\"og:locale\" content=\"pl_PL\" \/>\n<meta property=\"og:type\" content=\"article\" \/>\n<meta property=\"og:title\" content=\"modu\u0142 przeka\u017anika MPD50 | LEP - producent elektroniki ppo\u017c\" \/>\n<meta property=\"og:description\" content=\"Modu\u0142 przeka\u017anika MPD50 s\u0142u\u017cy do sterowania urz\u0105dze\u0144 wykonawczych pod\u0142\u0105czonych do z\u0142\u0105czy wyj\u015bciowych modu\u0142u MPD50 za pomoc\u0105 podanego napi\u0119cia steruj\u0105cego.\" \/>\n<meta property=\"og:url\" content=\"https:\/\/lepson.pl\/index.php\/rcp-i-kd-2-2\/mpd50\/\" \/>\n<meta property=\"og:site_name\" content=\"LEPSON\" \/>\n<meta property=\"article:modified_time\" content=\"2022-01-12T08:07:48+00:00\" \/>\n<meta property=\"og:image\" content=\"https:\/\/lepson.pl\/wp-content\/uploads\/2017\/12\/50-mpd50-podlaczenie_zwory.jpg\" \/>\n<meta name=\"twitter:card\" content=\"summary_large_image\" \/>\n<meta name=\"twitter:label1\" content=\"Szacowany czas czytania\" \/>\n\t<meta name=\"twitter:data1\" content=\"2 minuty\" \/>\n<script type=\"application\/ld+json\" class=\"yoast-schema-graph\">{\"@context\":\"https:\\\/\\\/schema.org\",\"@graph\":[{\"@type\":\"WebPage\",\"@id\":\"https:\\\/\\\/lepson.pl\\\/index.php\\\/rcp-i-kd-2-2\\\/mpd50\\\/\",\"url\":\"https:\\\/\\\/lepson.pl\\\/index.php\\\/rcp-i-kd-2-2\\\/mpd50\\\/\",\"name\":\"modu\u0142 przeka\u017anika MPD50 | LEP - producent elektroniki ppo\u017c\",\"isPartOf\":{\"@id\":\"https:\\\/\\\/lepson.pl\\\/#website\"},\"primaryImageOfPage\":{\"@id\":\"https:\\\/\\\/lepson.pl\\\/index.php\\\/rcp-i-kd-2-2\\\/mpd50\\\/#primaryimage\"},\"image\":{\"@id\":\"https:\\\/\\\/lepson.pl\\\/index.php\\\/rcp-i-kd-2-2\\\/mpd50\\\/#primaryimage\"},\"thumbnailUrl\":\"https:\\\/\\\/lepson.pl\\\/wp-content\\\/uploads\\\/2017\\\/12\\\/50-mpd50-podlaczenie_zwory.jpg\",\"datePublished\":\"2017-03-04T10:47:18+00:00\",\"dateModified\":\"2022-01-12T08:07:48+00:00\",\"description\":\"Modu\u0142 przeka\u017anika MPD50 s\u0142u\u017cy do sterowania urz\u0105dze\u0144 wykonawczych pod\u0142\u0105czonych do z\u0142\u0105czy wyj\u015bciowych modu\u0142u MPD50 za pomoc\u0105 podanego napi\u0119cia steruj\u0105cego.\",\"breadcrumb\":{\"@id\":\"https:\\\/\\\/lepson.pl\\\/index.php\\\/rcp-i-kd-2-2\\\/mpd50\\\/#breadcrumb\"},\"inLanguage\":\"pl-PL\",\"potentialAction\":[{\"@type\":\"ReadAction\",\"target\":[\"https:\\\/\\\/lepson.pl\\\/index.php\\\/rcp-i-kd-2-2\\\/mpd50\\\/\"]}]},{\"@type\":\"ImageObject\",\"inLanguage\":\"pl-PL\",\"@id\":\"https:\\\/\\\/lepson.pl\\\/index.php\\\/rcp-i-kd-2-2\\\/mpd50\\\/#primaryimage\",\"url\":\"https:\\\/\\\/lepson.pl\\\/wp-content\\\/uploads\\\/2017\\\/12\\\/50-mpd50-podlaczenie_zwory.jpg\",\"contentUrl\":\"https:\\\/\\\/lepson.pl\\\/wp-content\\\/uploads\\\/2017\\\/12\\\/50-mpd50-podlaczenie_zwory.jpg\",\"width\":500,\"height\":343},{\"@type\":\"BreadcrumbList\",\"@id\":\"https:\\\/\\\/lepson.pl\\\/index.php\\\/rcp-i-kd-2-2\\\/mpd50\\\/#breadcrumb\",\"itemListElement\":[{\"@type\":\"ListItem\",\"position\":1,\"name\":\"Strona g\u0142\u00f3wna\",\"item\":\"https:\\\/\\\/lepson.pl\\\/\"},{\"@type\":\"ListItem\",\"position\":2,\"name\":\"RCP i KD\",\"item\":\"https:\\\/\\\/lepson.pl\\\/index.php\\\/rcp-i-kd-2-2\\\/\"},{\"@type\":\"ListItem\",\"position\":3,\"name\":\"MPD50 &#8211; modu\u0142 przeka\u017anika\"}]},{\"@type\":\"WebSite\",\"@id\":\"https:\\\/\\\/lepson.pl\\\/#website\",\"url\":\"https:\\\/\\\/lepson.pl\\\/\",\"name\":\"LEPSON\",\"description\":\"- rejestracja ewidencja czasu pracy\",\"potentialAction\":[{\"@type\":\"SearchAction\",\"target\":{\"@type\":\"EntryPoint\",\"urlTemplate\":\"https:\\\/\\\/lepson.pl\\\/?s={search_term_string}\"},\"query-input\":{\"@type\":\"PropertyValueSpecification\",\"valueRequired\":true,\"valueName\":\"search_term_string\"}}],\"inLanguage\":\"pl-PL\"}]}<\/script>\n<!-- \/ Yoast SEO plugin. -->","yoast_head_json":{"title":"modu\u0142 przeka\u017anika MPD50 | LEP - producent elektroniki ppo\u017c","description":"Modu\u0142 przeka\u017anika MPD50 s\u0142u\u017cy do sterowania urz\u0105dze\u0144 wykonawczych pod\u0142\u0105czonych do z\u0142\u0105czy wyj\u015bciowych modu\u0142u MPD50 za pomoc\u0105 podanego napi\u0119cia steruj\u0105cego.","robots":{"index":"index","follow":"follow","max-snippet":"max-snippet:-1","max-image-preview":"max-image-preview:large","max-video-preview":"max-video-preview:-1"},"canonical":"https:\/\/lepson.pl\/index.php\/rcp-i-kd-2-2\/mpd50\/","og_locale":"pl_PL","og_type":"article","og_title":"modu\u0142 przeka\u017anika MPD50 | LEP - producent elektroniki ppo\u017c","og_description":"Modu\u0142 przeka\u017anika MPD50 s\u0142u\u017cy do sterowania urz\u0105dze\u0144 wykonawczych pod\u0142\u0105czonych do z\u0142\u0105czy wyj\u015bciowych modu\u0142u MPD50 za pomoc\u0105 podanego napi\u0119cia steruj\u0105cego.","og_url":"https:\/\/lepson.pl\/index.php\/rcp-i-kd-2-2\/mpd50\/","og_site_name":"LEPSON","article_modified_time":"2022-01-12T08:07:48+00:00","og_image":[{"url":"https:\/\/lepson.pl\/wp-content\/uploads\/2017\/12\/50-mpd50-podlaczenie_zwory.jpg","type":"","width":"","height":""}],"twitter_card":"summary_large_image","twitter_misc":{"Szacowany czas czytania":"2 minuty"},"schema":{"@context":"https:\/\/schema.org","@graph":[{"@type":"WebPage","@id":"https:\/\/lepson.pl\/index.php\/rcp-i-kd-2-2\/mpd50\/","url":"https:\/\/lepson.pl\/index.php\/rcp-i-kd-2-2\/mpd50\/","name":"modu\u0142 przeka\u017anika MPD50 | LEP - producent elektroniki ppo\u017c","isPartOf":{"@id":"https:\/\/lepson.pl\/#website"},"primaryImageOfPage":{"@id":"https:\/\/lepson.pl\/index.php\/rcp-i-kd-2-2\/mpd50\/#primaryimage"},"image":{"@id":"https:\/\/lepson.pl\/index.php\/rcp-i-kd-2-2\/mpd50\/#primaryimage"},"thumbnailUrl":"https:\/\/lepson.pl\/wp-content\/uploads\/2017\/12\/50-mpd50-podlaczenie_zwory.jpg","datePublished":"2017-03-04T10:47:18+00:00","dateModified":"2022-01-12T08:07:48+00:00","description":"Modu\u0142 przeka\u017anika MPD50 s\u0142u\u017cy do sterowania urz\u0105dze\u0144 wykonawczych pod\u0142\u0105czonych do z\u0142\u0105czy wyj\u015bciowych modu\u0142u MPD50 za pomoc\u0105 podanego napi\u0119cia steruj\u0105cego.","breadcrumb":{"@id":"https:\/\/lepson.pl\/index.php\/rcp-i-kd-2-2\/mpd50\/#breadcrumb"},"inLanguage":"pl-PL","potentialAction":[{"@type":"ReadAction","target":["https:\/\/lepson.pl\/index.php\/rcp-i-kd-2-2\/mpd50\/"]}]},{"@type":"ImageObject","inLanguage":"pl-PL","@id":"https:\/\/lepson.pl\/index.php\/rcp-i-kd-2-2\/mpd50\/#primaryimage","url":"https:\/\/lepson.pl\/wp-content\/uploads\/2017\/12\/50-mpd50-podlaczenie_zwory.jpg","contentUrl":"https:\/\/lepson.pl\/wp-content\/uploads\/2017\/12\/50-mpd50-podlaczenie_zwory.jpg","width":500,"height":343},{"@type":"BreadcrumbList","@id":"https:\/\/lepson.pl\/index.php\/rcp-i-kd-2-2\/mpd50\/#breadcrumb","itemListElement":[{"@type":"ListItem","position":1,"name":"Strona g\u0142\u00f3wna","item":"https:\/\/lepson.pl\/"},{"@type":"ListItem","position":2,"name":"RCP i KD","item":"https:\/\/lepson.pl\/index.php\/rcp-i-kd-2-2\/"},{"@type":"ListItem","position":3,"name":"MPD50 &#8211; modu\u0142 przeka\u017anika"}]},{"@type":"WebSite","@id":"https:\/\/lepson.pl\/#website","url":"https:\/\/lepson.pl\/","name":"LEPSON","description":"- rejestracja ewidencja czasu pracy","potentialAction":[{"@type":"SearchAction","target":{"@type":"EntryPoint","urlTemplate":"https:\/\/lepson.pl\/?s={search_term_string}"},"query-input":{"@type":"PropertyValueSpecification","valueRequired":true,"valueName":"search_term_string"}}],"inLanguage":"pl-PL"}]}},"_links":{"self":[{"href":"https:\/\/lepson.pl\/index.php\/wp-json\/wp\/v2\/pages\/727","targetHints":{"allow":["GET"]}}],"collection":[{"href":"https:\/\/lepson.pl\/index.php\/wp-json\/wp\/v2\/pages"}],"about":[{"href":"https:\/\/lepson.pl\/index.php\/wp-json\/wp\/v2\/types\/page"}],"author":[{"embeddable":true,"href":"https:\/\/lepson.pl\/index.php\/wp-json\/wp\/v2\/users\/2"}],"replies":[{"embeddable":true,"href":"https:\/\/lepson.pl\/index.php\/wp-json\/wp\/v2\/comments?post=727"}],"version-history":[{"count":30,"href":"https:\/\/lepson.pl\/index.php\/wp-json\/wp\/v2\/pages\/727\/revisions"}],"predecessor-version":[{"id":3529,"href":"https:\/\/lepson.pl\/index.php\/wp-json\/wp\/v2\/pages\/727\/revisions\/3529"}],"up":[{"embeddable":true,"href":"https:\/\/lepson.pl\/index.php\/wp-json\/wp\/v2\/pages\/1607"}],"wp:attachment":[{"href":"https:\/\/lepson.pl\/index.php\/wp-json\/wp\/v2\/media?parent=727"}],"curies":[{"name":"wp","href":"https:\/\/api.w.org\/{rel}","templated":true}]}}