{"id":3192,"date":"2021-07-19T17:01:38","date_gmt":"2021-07-19T17:01:38","guid":{"rendered":"https:\/\/lepson.pl\/?page_id=3192"},"modified":"2021-10-13T08:01:22","modified_gmt":"2021-10-13T08:01:22","slug":"rcp78ar","status":"publish","type":"page","link":"https:\/\/lepson.pl\/index.php\/welcome\/rcp78ar\/","title":{"rendered":"RCP78AR proximity card reader"},"content":{"rendered":"<div class=\"wpb-content-wrapper\"><p>&nbsp;<\/p>\n<p>[vc_row parallax=&#8221;content-moving&#8221; css=&#8221;.vc_custom_1548075911793{background-color: #ffffff !important;background-position: center;background-repeat: no-repeat !important;background-size: cover !important;}&#8221;][vc_column][vc_row_inner css=&#8221;.vc_custom_1548077145595{padding-top: 3% !important;padding-right: 12% !important;padding-left: 12% !important;}&#8221;][vc_column_inner width=&#8221;1\/2&#8243;][vc_column_text]<\/p>\n<h1><\/h1>\n<h1>RCP78AR<\/h1>\n<h2>RFID proximity card reader<\/h2>\n<p>[\/vc_column_text][\/vc_column_inner][vc_column_inner width=&#8221;1\/4&#8243;][vc_single_image image=&#8221;1555&#8243; img_size=&#8221;large&#8221; add_caption=&#8221;yes&#8221; alignment=&#8221;center&#8221; onclick=&#8221;link_image&#8221; css_animation=&#8221;none&#8221; title=&#8221;RCP78AR&#8221; el_class=&#8221;image_text&#8221;][\/vc_column_inner][vc_column_inner width=&#8221;1\/4&#8243;][vc_single_image image=&#8221;1556&#8243; img_size=&#8221;large&#8221; add_caption=&#8221;yes&#8221; alignment=&#8221;center&#8221; onclick=&#8221;link_image&#8221; css_animation=&#8221;none&#8221; title=&#8221;RCP78AR&#8221; el_class=&#8221;image_text&#8221;][\/vc_column_inner][\/vc_row_inner][vc_row_inner css=&#8221;.vc_custom_1548075854817{padding-right: 12% !important;padding-left: 12% !important;}&#8221;][vc_column_inner][vc_toggle title=&#8221;Product description (expand \/ collapse)&#8221; style=&#8221;simple&#8221; color=&#8221;green&#8221; size=&#8221;lg&#8221; el_id=&#8221;1548075745591-a61d2087-5491&#8243;]The RCP78AR reader supports proximity identifiers and is designed to work in the RCPX8 time and attendance and access control system. The reader is designed to register four types of events: entry (WE), exit (WY), duty exit (WS) and OPEN. The system operator decides what type of event the reader registers by configuring the reader in the computer program. The RCP78AR reader is resistant to weather conditions and can therefore be installed inside and outside the building.[\/vc_toggle][vc_toggle title=&#8221;Principle of operation (expand \/ collapse)&#8221; style=&#8221;simple&#8221; color=&#8221;green&#8221; size=&#8221;lg&#8221; el_id=&#8221;1548075745611-7d54567c-90f9&#8243;]<span style=\"font-size: 12pt;\">A properly installed reader signals correct operation by displaying the current time and lighting up the indicator (color &#8211; depending on the type of recorded event). The event is recorded when an authorized transponder (identifier) \u200b\u200bis approached to the central part of the reader.<br \/>\nConfirmation that the event has been entered into the reader&#8217;s memory is a short beep (the so-called triple), and the employee&#8217;s number (numbers from 1 to 999 preceded by the letter c) will be displayed on the reader display. Events resulting from the approach of successive transponders can be registered with the frequency of about one event per second, however, to make sure that the event has actually been entered (three beeps and displaying the number), it is recommended to use 3-second intervals.<br \/>\nThe reader controls access to the rooms by e.g. activating an electric lock on the door and registering employees&#8217; entry \/ exit events. When the door lock is controlled, the reader beeps. The reader memory allows to save 42 thousand events. In the reader configuration one can set 12 intervals during the day, in which the reader automatically changes its activity &#8211; this way one can enable access to the room at a selected time period. When installing more readers, keep a distance of at least 15 cm between them.<\/span>[\/vc_toggle][vc_toggle title=&#8221;Technical data (expand \/ collapse)&#8221; style=&#8221;simple&#8221; color=&#8221;green&#8221; size=&#8221;lg&#8221; el_id=&#8221;1548075745624-2e99fd87-592f&#8221;]<\/p>\n<div class=\"row vc_row wpb_row vc_inner vc_row-fluid vc_custom_1488384123488\">\n<div class=\"wpb_column vc_column_container vc_col-sm-12 vc_col-has-fill\">\n<div class=\"vc_column-inner vc_custom_1485606795783\">\n<div class=\"wpb_wrapper\">\n<div class=\"wpb_raw_code wpb_content_element wpb_raw_html\">\n<div class=\"wpb_wrapper\">\n<div class=\"tg-wrap\">\n<table style=\"height: 504px; width: 100%;\" border=\"0\" width=\"100%\" cellspacing=\"0\" cellpadding=\"0\">\n<tbody>\n<tr style=\"height: 10px;\">\n<td style=\"height: 24px;\"><span style=\"font-size: 12pt;\">Supply voltage:<\/span><\/td>\n<td style=\"text-align: right; height: 24px;\"><span style=\"font-size: 12pt;\">12V DC (10 \u00f7 15V)<\/span><\/td>\n<\/tr>\n<tr style=\"height: 24px;\">\n<td style=\"height: 24px;\"><span style=\"font-size: 12pt;\">Current consumption:<\/span><\/td>\n<td style=\"text-align: right; height: 24px;\"><span style=\"font-size: 12pt;\">100mA<\/span><\/td>\n<\/tr>\n<tr style=\"height: 24px;\">\n<td style=\"height: 24px;\"><span style=\"font-size: 12pt;\">Working temperature:<\/span><\/td>\n<td style=\"text-align: right; height: 24px;\"><span style=\"font-size: 12pt;\">-20\u00b0C do +40\u00b0C<\/span><\/td>\n<\/tr>\n<tr style=\"height: 24px;\">\n<td style=\"height: 24px;\"><span style=\"font-size: 12pt;\">Relative humidity:<\/span><\/td>\n<td style=\"text-align: right; height: 24px;\"><span style=\"font-size: 12pt;\">waterproof<\/span><\/td>\n<\/tr>\n<tr style=\"height: 24px;\">\n<td style=\"height: 24px;\"><span style=\"font-size: 12pt;\">RYG output:<\/span><\/td>\n<td style=\"text-align: right; height: 24px;\"><span style=\"font-size: 12pt;\">12V DC &#8211; 1A max<\/span><\/td>\n<\/tr>\n<tr style=\"height: 24px;\">\n<td style=\"height: 24px;\"><span style=\"font-size: 12pt;\">RYG control time:<\/span><\/td>\n<td style=\"text-align: right; height: 24px;\"><span style=\"font-size: 12pt;\"> 0 to 30 s.<\/span><\/td>\n<\/tr>\n<tr style=\"height: 24px;\">\n<td style=\"height: 24px;\"><span style=\"font-size: 12pt;\">Event memory capacity:<\/span><\/td>\n<td style=\"text-align: right; height: 24px;\"><span style=\"font-size: 12pt;\">40.000.<\/span><\/td>\n<\/tr>\n<tr style=\"height: 24px;\">\n<td style=\"text-align: left; height: 24px;\"><span style=\"font-size: 12pt;\">Number of identifiers in the system:<\/span><\/td>\n<td style=\"text-align: right; height: 24px;\"><span style=\"font-size: 12pt;\">999 pcs.<\/span><\/td>\n<\/tr>\n<tr style=\"height: 24px;\">\n<td style=\"height: 24px;\"><span style=\"font-size: 12pt;\">Data transmission to PC:<\/span><\/td>\n<td style=\"text-align: right; height: 24px;\"><span style=\"font-size: 12pt;\">RS-485<\/span><\/td>\n<\/tr>\n<tr style=\"height: 24px;\">\n<td style=\"height: 24px;\"><span style=\"font-size: 12pt;\">Battery (clock backup):<\/span><\/td>\n<td style=\"text-align: right; height: 24px;\"><span style=\"font-size: 12pt;\">3V (e.g. CR 2032)<\/span><\/td>\n<\/tr>\n<tr style=\"height: 24px;\">\n<td style=\"height: 24px;\"><span style=\"font-size: 12pt;\">Display:<\/span><\/td>\n<td style=\"text-align: right; height: 24px;\"><span style=\"font-size: 12pt;\">LED, 4 characters, 7 segments each<\/span><\/td>\n<\/tr>\n<tr style=\"height: 144px;\">\n<td style=\"height: 144px;\"><span style=\"font-size: 12pt;\">Indicators:<\/span><\/td>\n<td style=\"text-align: right; height: 144px;\"><span style=\"font-size: 12pt;\">1 LED, buzzer<\/span><br \/>\n<span style=\"font-size: 12pt;\">Three beeps &#8211; confirmation of the entry of the event<\/span><br \/>\n<span style=\"font-size: 12pt;\">Intermittent beeps &#8211; for the duration of RYG control<\/span><br \/>\n<span style=\"font-size: 12pt;\">red LED &#8211; exit<\/span><br \/>\n<span style=\"font-size: 12pt;\">green LED &#8211; entry<\/span><br \/>\n<span style=\"font-size: 12pt;\">LED \u017c\u00f3\u0142ty &#8211; business exit<\/span><\/td>\n<\/tr>\n<tr style=\"height: 24px;\">\n<td style=\"height: 24px;\"><span style=\"font-size: 12pt;\">Real-time clock accuracy:<\/span><\/td>\n<td style=\"text-align: right; height: 24px;\"><span style=\"font-size: 12pt;\">\u00b1 3 min \/ month (under stable conditions)<\/span><\/td>\n<\/tr>\n<tr style=\"height: 24px;\">\n<td style=\"height: 24px;\"><span style=\"font-size: 12pt;\">Weight:<\/span><\/td>\n<td style=\"text-align: right; height: 24px;\"><span style=\"font-size: 12pt;\">190g \u00b1 10g<\/span><\/td>\n<\/tr>\n<tr style=\"height: 24px;\">\n<td style=\"height: 24px;\"><span style=\"font-size: 12pt;\">Body:<\/span><\/td>\n<td style=\"text-align: right; height: 24px;\"><span style=\"font-size: 12pt;\">gray or black plastic<\/span><\/td>\n<\/tr>\n<tr style=\"height: 24px;\">\n<td style=\"height: 24px;\"><span style=\"font-size: 12pt;\">Weight:<\/span><\/td>\n<td style=\"text-align: right; height: 24px;\"><span style=\"font-size: 12pt;\">190 x 60 x 18 mm<\/span><\/td>\n<\/tr>\n<\/tbody>\n<\/table>\n<\/div>\n<\/div>\n<\/div>\n<\/div>\n<\/div>\n<\/div>\n<\/div>\n<p>[\/vc_toggle][vc_toggle title=&#8221;Construction (expand \/ collapse)&#8221; style=&#8221;simple&#8221; color=&#8221;green&#8221; size=&#8221;lg&#8221; el_id=&#8221;1548075745640-16cf53b4-4519&#8243;]<span style=\"font-size: 12pt;\">The RCP78AR reader is completely waterproof and the narrow, aesthetic plastic body can be hung on the wall or directly on the door frame. The reader is equipped with an electronic microprocessor system. It has a built-in real-time clock with power backup. Two body colors are available: light gray and black. The front panel of the reader is equipped with a four-character display, a LED diode (indicating the type of event recorded), and a marking to which the identifier (transponder) should be placed in order to register the event.<\/span>[\/vc_toggle][\/vc_column_inner][\/vc_row_inner][\/vc_column][\/vc_row][vc_row content_placement=&#8221;top&#8221; css=&#8221;.vc_custom_1548075923675{background-position: center !important;background-repeat: no-repeat !important;background-size: cover !important;}&#8221;][vc_column][vc_row_inner css=&#8221;.vc_custom_1548076761182{padding-right: 12% !important;padding-left: 12% !important;}&#8221;][vc_column_inner width=&#8221;1\/4&#8243;][vc_column_text]<a href=\"mailto:biuro@lepson.pl\">biuro@lepson.pl<\/a><br \/>\n<a href=\"mailto:rcp@lep.pl\">rcp@lepson.pl<\/a> (pomoc techniczna)[\/vc_column_text][\/vc_column_inner][vc_column_inner width=&#8221;1\/4&#8243;][vc_column_text](32) 754 54 54<br \/>\n(32) 754 54 55[\/vc_column_text][\/vc_column_inner][vc_column_inner width=&#8221;1\/4&#8243;][vc_column_text]<a href=\"https:\/\/goo.gl\/maps\/2HeA81byii52\" target=\"_blank\" rel=\"noopener noreferrer\">Wsp\u00f3lna 9, <\/a><a href=\"https:\/\/goo.gl\/maps\/2HeA81byii52\">32-300, Olkusz<br \/>\n<\/a> NIP: 6372182383[\/vc_column_text][\/vc_column_inner][vc_column_inner width=&#8221;1\/4&#8243;][\/vc_column_inner][\/vc_row_inner][\/vc_column][\/vc_row]<\/p>\n<\/div>","protected":false},"excerpt":{"rendered":"<p>&nbsp; [vc_row parallax=&#8221;content-moving&#8221; css=&#8221;.vc_custom_1548075911793{background-color: #ffffff !important;background-position: center;background-repeat: no-repeat !important;background-size: cover !important;}&#8221;][vc_column][vc_row_inner css=&#8221;.vc_custom_1548077145595{padding-top: 3% !important;padding-right: 12% !important;padding-left: 12% !important;}&#8221;][vc_column_inner width=&#8221;1\/2&#8243;][vc_column_text] RCP78AR RFID proximity card reader [\/vc_column_text][\/vc_column_inner][vc_column_inner width=&#8221;1\/4&#8243;][vc_single_image image=&#8221;1555&#8243; img_size=&#8221;large&#8221; add_caption=&#8221;yes&#8221; alignment=&#8221;center&#8221; onclick=&#8221;link_image&#8221; css_animation=&#8221;none&#8221; title=&#8221;RCP78AR&#8221; el_class=&#8221;image_text&#8221;][\/vc_column_inner][vc_column_inner width=&#8221;1\/4&#8243;][vc_single_image image=&#8221;1556&#8243; img_size=&#8221;large&#8221; add_caption=&#8221;yes&#8221; alignment=&#8221;center&#8221; onclick=&#8221;link_image&#8221; css_animation=&#8221;none&#8221; title=&#8221;RCP78AR&#8221; el_class=&#8221;image_text&#8221;][\/vc_column_inner][\/vc_row_inner][vc_row_inner css=&#8221;.vc_custom_1548075854817{padding-right: 12% !important;padding-left: 12% !important;}&#8221;][vc_column_inner][vc_toggle title=&#8221;Product description (expand \/ collapse)&#8221; style=&#8221;simple&#8221; color=&#8221;green&#8221; [&hellip;]<\/p>\n","protected":false},"author":2,"featured_media":0,"parent":3189,"menu_order":0,"comment_status":"closed","ping_status":"closed","template":"page-full-width.php","meta":{"footnotes":""},"class_list":["post-3192","page","type-page","status-publish","hentry"],"yoast_head":"<!-- This site is optimized with the Yoast SEO plugin v27.3 - https:\/\/yoast.com\/product\/yoast-seo-wordpress\/ -->\n<title>RFID - Czytnik do identyfikator\u00f3w zbli\u017ceniowych - RCP 78 AR| LEPSON<\/title>\n<meta name=\"description\" content=\"Czytnik RCP78AR obs\u0142uguje identyfikatory zbli\u017ceniowe i jest przeznaczony do pracy w systemie Rejestracji Czasu Pracy i Kontroli Dost\u0119pu RCPX8.\" \/>\n<meta name=\"robots\" content=\"index, follow, max-snippet:-1, max-image-preview:large, max-video-preview:-1\" \/>\n<link rel=\"canonical\" href=\"https:\/\/lepson.pl\/index.php\/welcome\/rcp78ar\/\" \/>\n<meta property=\"og:locale\" content=\"pl_PL\" \/>\n<meta property=\"og:type\" content=\"article\" \/>\n<meta property=\"og:title\" content=\"RFID - Czytnik do identyfikator\u00f3w zbli\u017ceniowych - RCP 78 AR| LEPSON\" \/>\n<meta property=\"og:description\" content=\"Czytnik RCP78AR obs\u0142uguje identyfikatory zbli\u017ceniowe i jest przeznaczony do pracy w systemie Rejestracji Czasu Pracy i Kontroli Dost\u0119pu RCPX8.\" \/>\n<meta property=\"og:url\" content=\"https:\/\/lepson.pl\/index.php\/welcome\/rcp78ar\/\" \/>\n<meta property=\"og:site_name\" content=\"LEPSON\" \/>\n<meta property=\"article:modified_time\" content=\"2021-10-13T08:01:22+00:00\" \/>\n<meta name=\"twitter:card\" content=\"summary_large_image\" \/>\n<meta name=\"twitter:label1\" content=\"Szacowany czas czytania\" \/>\n\t<meta name=\"twitter:data1\" content=\"3 minuty\" \/>\n<script type=\"application\/ld+json\" class=\"yoast-schema-graph\">{\"@context\":\"https:\\\/\\\/schema.org\",\"@graph\":[{\"@type\":\"WebPage\",\"@id\":\"https:\\\/\\\/lepson.pl\\\/index.php\\\/welcome\\\/rcp78ar\\\/\",\"url\":\"https:\\\/\\\/lepson.pl\\\/index.php\\\/welcome\\\/rcp78ar\\\/\",\"name\":\"RFID - Czytnik do identyfikator\u00f3w zbli\u017ceniowych - RCP 78 AR| LEPSON\",\"isPartOf\":{\"@id\":\"https:\\\/\\\/lepson.pl\\\/#website\"},\"datePublished\":\"2021-07-19T17:01:38+00:00\",\"dateModified\":\"2021-10-13T08:01:22+00:00\",\"description\":\"Czytnik RCP78AR obs\u0142uguje identyfikatory zbli\u017ceniowe i jest przeznaczony do pracy w systemie Rejestracji Czasu Pracy i Kontroli Dost\u0119pu RCPX8.\",\"breadcrumb\":{\"@id\":\"https:\\\/\\\/lepson.pl\\\/index.php\\\/welcome\\\/rcp78ar\\\/#breadcrumb\"},\"inLanguage\":\"pl-PL\",\"potentialAction\":[{\"@type\":\"ReadAction\",\"target\":[\"https:\\\/\\\/lepson.pl\\\/index.php\\\/welcome\\\/rcp78ar\\\/\"]}]},{\"@type\":\"BreadcrumbList\",\"@id\":\"https:\\\/\\\/lepson.pl\\\/index.php\\\/welcome\\\/rcp78ar\\\/#breadcrumb\",\"itemListElement\":[{\"@type\":\"ListItem\",\"position\":1,\"name\":\"Strona g\u0142\u00f3wna\",\"item\":\"https:\\\/\\\/lepson.pl\\\/\"},{\"@type\":\"ListItem\",\"position\":2,\"name\":\"Welcome\",\"item\":\"https:\\\/\\\/lepson.pl\\\/index.php\\\/en\\\/\"},{\"@type\":\"ListItem\",\"position\":3,\"name\":\"RCP78AR proximity card reader\"}]},{\"@type\":\"WebSite\",\"@id\":\"https:\\\/\\\/lepson.pl\\\/#website\",\"url\":\"https:\\\/\\\/lepson.pl\\\/\",\"name\":\"LEPSON\",\"description\":\"- rejestracja ewidencja czasu pracy\",\"potentialAction\":[{\"@type\":\"SearchAction\",\"target\":{\"@type\":\"EntryPoint\",\"urlTemplate\":\"https:\\\/\\\/lepson.pl\\\/?s={search_term_string}\"},\"query-input\":{\"@type\":\"PropertyValueSpecification\",\"valueRequired\":true,\"valueName\":\"search_term_string\"}}],\"inLanguage\":\"pl-PL\"}]}<\/script>\n<!-- \/ Yoast SEO plugin. -->","yoast_head_json":{"title":"RFID - Czytnik do identyfikator\u00f3w zbli\u017ceniowych - RCP 78 AR| LEPSON","description":"Czytnik RCP78AR obs\u0142uguje identyfikatory zbli\u017ceniowe i jest przeznaczony do pracy w systemie Rejestracji Czasu Pracy i Kontroli Dost\u0119pu RCPX8.","robots":{"index":"index","follow":"follow","max-snippet":"max-snippet:-1","max-image-preview":"max-image-preview:large","max-video-preview":"max-video-preview:-1"},"canonical":"https:\/\/lepson.pl\/index.php\/welcome\/rcp78ar\/","og_locale":"pl_PL","og_type":"article","og_title":"RFID - Czytnik do identyfikator\u00f3w zbli\u017ceniowych - RCP 78 AR| LEPSON","og_description":"Czytnik RCP78AR obs\u0142uguje identyfikatory zbli\u017ceniowe i jest przeznaczony do pracy w systemie Rejestracji Czasu Pracy i Kontroli Dost\u0119pu RCPX8.","og_url":"https:\/\/lepson.pl\/index.php\/welcome\/rcp78ar\/","og_site_name":"LEPSON","article_modified_time":"2021-10-13T08:01:22+00:00","twitter_card":"summary_large_image","twitter_misc":{"Szacowany czas czytania":"3 minuty"},"schema":{"@context":"https:\/\/schema.org","@graph":[{"@type":"WebPage","@id":"https:\/\/lepson.pl\/index.php\/welcome\/rcp78ar\/","url":"https:\/\/lepson.pl\/index.php\/welcome\/rcp78ar\/","name":"RFID - Czytnik do identyfikator\u00f3w zbli\u017ceniowych - RCP 78 AR| LEPSON","isPartOf":{"@id":"https:\/\/lepson.pl\/#website"},"datePublished":"2021-07-19T17:01:38+00:00","dateModified":"2021-10-13T08:01:22+00:00","description":"Czytnik RCP78AR obs\u0142uguje identyfikatory zbli\u017ceniowe i jest przeznaczony do pracy w systemie Rejestracji Czasu Pracy i Kontroli Dost\u0119pu RCPX8.","breadcrumb":{"@id":"https:\/\/lepson.pl\/index.php\/welcome\/rcp78ar\/#breadcrumb"},"inLanguage":"pl-PL","potentialAction":[{"@type":"ReadAction","target":["https:\/\/lepson.pl\/index.php\/welcome\/rcp78ar\/"]}]},{"@type":"BreadcrumbList","@id":"https:\/\/lepson.pl\/index.php\/welcome\/rcp78ar\/#breadcrumb","itemListElement":[{"@type":"ListItem","position":1,"name":"Strona g\u0142\u00f3wna","item":"https:\/\/lepson.pl\/"},{"@type":"ListItem","position":2,"name":"Welcome","item":"https:\/\/lepson.pl\/index.php\/en\/"},{"@type":"ListItem","position":3,"name":"RCP78AR proximity card reader"}]},{"@type":"WebSite","@id":"https:\/\/lepson.pl\/#website","url":"https:\/\/lepson.pl\/","name":"LEPSON","description":"- rejestracja ewidencja czasu pracy","potentialAction":[{"@type":"SearchAction","target":{"@type":"EntryPoint","urlTemplate":"https:\/\/lepson.pl\/?s={search_term_string}"},"query-input":{"@type":"PropertyValueSpecification","valueRequired":true,"valueName":"search_term_string"}}],"inLanguage":"pl-PL"}]}},"_links":{"self":[{"href":"https:\/\/lepson.pl\/index.php\/wp-json\/wp\/v2\/pages\/3192","targetHints":{"allow":["GET"]}}],"collection":[{"href":"https:\/\/lepson.pl\/index.php\/wp-json\/wp\/v2\/pages"}],"about":[{"href":"https:\/\/lepson.pl\/index.php\/wp-json\/wp\/v2\/types\/page"}],"author":[{"embeddable":true,"href":"https:\/\/lepson.pl\/index.php\/wp-json\/wp\/v2\/users\/2"}],"replies":[{"embeddable":true,"href":"https:\/\/lepson.pl\/index.php\/wp-json\/wp\/v2\/comments?post=3192"}],"version-history":[{"count":24,"href":"https:\/\/lepson.pl\/index.php\/wp-json\/wp\/v2\/pages\/3192\/revisions"}],"predecessor-version":[{"id":3502,"href":"https:\/\/lepson.pl\/index.php\/wp-json\/wp\/v2\/pages\/3192\/revisions\/3502"}],"up":[{"embeddable":true,"href":"https:\/\/lepson.pl\/index.php\/wp-json\/wp\/v2\/pages\/3189"}],"wp:attachment":[{"href":"https:\/\/lepson.pl\/index.php\/wp-json\/wp\/v2\/media?parent=3192"}],"curies":[{"name":"wp","href":"https:\/\/api.w.org\/{rel}","templated":true}]}}